{"id":709,"date":"2015-06-03T03:07:05","date_gmt":"2015-06-03T00:07:05","guid":{"rendered":"http:\/\/demo.vegatheme.com\/biss\/?page_id=709"},"modified":"2018-12-05T09:37:21","modified_gmt":"2018-12-05T06:37:21","slug":"hakkimizda","status":"publish","type":"page","link":"https:\/\/cerrahpasa.com.tr\/?page_id=709","title":{"rendered":"Hakk\u0131m\u0131zda"},"content":{"rendered":"<p>[vc_row align_title=&#8221;left&#8221; el_class=&#8221;border-bottom-1&#8243;][vc_column title=&#8221;&#8221;]<p class=\"section-subtitle\" style=\"text-align: center;\">M\u0130SYON ve V\u0130SYONUMUZ<\/p><h2 class=\"section-title\" style=\"text-align: center;\">\u015e\u0130RKET\u0130M\u0130Z HAKKINDA<\/h2>[\/vc_column][vc_column width=&#8221;1\/2&#8243; title=&#8221;&#8221;][vc_single_image image=&#8221;1599&#8243; img_size=&#8221;full&#8221;][\/vc_column][vc_column width=&#8221;1\/2&#8243; title=&#8221;&#8221;]<p class=\"margin-top-0 font-bold\" style=\"text-align: left;\">CERRAHPA\u015eA OSGB (Ortak Sa\u011fl\u0131k G\u00fcvenlik Birimi) olarak 6331 Say\u0131l\u0131 \u0130\u015f Sa\u011fl\u0131\u011f\u0131 ve G\u00fcvenli\u011fi Kanunu ve ilgili y\u00f6netmelikler, uluslararas\u0131 s\u0131tandartlar ve 12 y\u0131ll\u0131k mesleki tecr\u00fcbesiyle \u0130stanbul ba\u015fta olmak \u00fczere, Marmara b\u00f6lgesindeki pek \u00e7ok \u015fehirlerde Ortak Sa\u011fl\u0131k G\u00fcvenlik Birimi hizmeti kapsam\u0131ndaki;<\/p>[vc_column_text css=&#8221;.vc_custom_1543845105512{margin-bottom: 1.5rem !important;}&#8221;]<\/p>\n<ul class=\"style-1\">\n<li><i class=\"fa fa-arrow-circle-right primary-color\"><\/i> \u0130\u015f G\u00fcvenli\u011fi Uzman\u0131<\/li>\n<li><i class=\"fa fa-arrow-circle-right primary-color\"><\/i> \u0130\u015fyeri Hekimi<\/li>\n<li><i class=\"fa fa-arrow-circle-right primary-color\"><\/i> Di\u011fer Sa\u011fl\u0131k Peroneli.<\/li>\n<li><i class=\"fa fa-arrow-circle-right primary-color\"><\/i> \u0130SG E\u011fitimleri<\/li>\n<li><i class=\"fa fa-arrow-circle-right primary-color\"><\/i> Risk De\u011ferlendirme Analizi<\/li>\n<li><i class=\"fa fa-arrow-circle-right primary-color\"><\/i> Acil Durum Eylem Plan\u0131<\/li>\n<li><i class=\"fa fa-arrow-circle-right primary-color\"><\/i> Patlamadan Korunma Dok\u00fcman\u0131<\/li>\n<li><i class=\"fa fa-arrow-circle-right primary-color\"><\/i> Ba\u011f\u0131m\u0131s\u0131z \u0130SG Denetimi<\/li>\n<li><i class=\"fa fa-arrow-circle-right primary-color\"><\/i> \u0130\u015f Hukuku Dan\u0131\u015fmanl\u0131\u011f\u0131<\/li>\n<\/ul>\n<p>[\/vc_column_text]\r\n\t\t\t\t<a href=\"#\" class=\"d-btn d-btn-small d-btn-primary\">H\u0130ZMETLER\u0130M\u0130Z\u0130 DAHA YAKINDAN TANIYIN<\/a>\r\n\t\t\r\n\t[\/vc_column][\/vc_row][vc_row css=&#8221;.vc_custom_1543846731681{margin-top: -50px !important;margin-bottom: -50px !important;}&#8221;][vc_column][vc_column_text]Alanlarda nitelikli ve <strong>Entegre Hizmet Anlay\u0131\u015f\u0131<\/strong> ile \u00e7\u00f6z\u00fcmler \u00fcretmekteyiz.<\/p>\n<p>Kurulu\u015fumuzun en \u00f6nemli amac\u0131 ise, ba\u015fta hizmet sundu\u011fumuz i\u015fyerlerinde i\u015f sa\u011fl\u0131\u011f\u0131 ve g\u00fcvenli\u011fi k\u00fclt\u00fcr\u00fcn\u00fc geli\u015ftirmek, saha uygulamalar\u0131 ve yasal mevzuat kapsam\u0131nda i\u015fyerlerinin \u00a0gerekli dok\u00fcmantasyonlar\u0131n\u0131n sa\u011flanmas\u0131nda \u00f6ncelikli ve nicel tespitleri ortaya koyarak, risklerinizi ortadan kald\u0131rmaya kald\u0131r\u0131lamad\u0131\u011f\u0131 durumlarda en aza indirmeye yard\u0131mc\u0131 olmakt\u0131r.<\/p>\n<p>Sekt\u00f6r\u00fcn\u00fcz, buna ba\u011fl\u0131 tehlike s\u0131n\u0131f\u0131n\u0131z, \u00e7al\u0131\u015fan say\u0131n\u0131z ne olursa olsun end\u00fcstrinin t\u00fcm dallar\u0131nda faaliyet g\u00f6sterebilecek meslek dallar\u0131n\u0131 bar\u0131nd\u0131ran geni\u015f tabana yay\u0131l\u0131 \u0130\u015f G\u00fcvenli\u011fi Uzman\u0131, \u0130\u015fyeri Hekimi ve Di\u011fer Sa\u011fl\u0131k Personeli kadromuz ile sizlerin <strong>O<\/strong>rtak <strong>S<\/strong>a\u011fl\u0131k <strong>G<\/strong>\u00fcvenlik <strong>B<\/strong>iriminiz olmaktan gurur duyar\u0131z.[\/vc_column_text][\/vc_column][\/vc_row][vc_row ses_title=&#8221;&#8221; align_title=&#8221;left&#8221; wrap_class=&#8221;&#8221;][vc_column width=&#8221;1\/2&#8243; title=&#8221;&#8221;]<h2 class=\"margin-top-0\" style=\"text-align: left;\">SAYILARLA B\u0130Z<\/h2>[vc_empty_space height=&#8221;20px&#8221;]\t<div class=\"widget-content\">\r\n\t\t<div class=\"biss-skill margin-top-0\" data-name=\"Y\u0131ll\u0131k Personel Art\u0131\u015f H\u0131z\u0131m\u0131z\" data-value=\"61\"><\/div>\r\n\t<\/div>\r\n\t[vc_empty_space height=&#8221;80px&#8221;]\t<div class=\"widget-content\">\r\n\t\t<div class=\"biss-skill margin-top-0\" data-name=\"Ayl\u0131k M\u00fc\u015fteri Memnuniyeti Art\u0131\u015f\u0131\" data-value=\"92\"><\/div>\r\n\t<\/div>\r\n\t[vc_empty_space height=&#8221;80px&#8221;]\t<div class=\"widget-content\">\r\n\t\t<div class=\"biss-skill margin-top-0\" data-name=\"Y\u0131ll\u0131k M\u00fc\u015fteri Portf\u00f6y Art\u0131\u015f\u0131\" data-value=\"84\"><\/div>\r\n\t<\/div>\r\n\t[vc_empty_space height=&#8221;80px&#8221;]\t<div class=\"widget-content\">\r\n\t\t<div class=\"biss-skill margin-top-0\" data-name=\"Y\u0131ll\u0131k B\u00fcy\u00fcme\" data-value=\"78\"><\/div>\r\n\t<\/div>\r\n\t[\/vc_column][vc_column width=&#8221;1\/2&#8243; title=&#8221;&#8221;]<h2 class=\"margin-top-0\" style=\"text-align: left;\">SIK SORULAN SORULAR<\/h2>[vc_empty_space height=&#8221;20px&#8221;][vc_accordion][vc_accordion_tab title=&#8221; R\u0130SK DE\u011eERLEND\u0130RMES\u0130 K\u0130MLER \u0130\u00c7\u0130N YASAL Y\u00dcK\u00dcML\u00dcL\u00dcKT\u00dcR?&#8221;][vc_column_text]<\/p>\n<div class=\"accordion-panel\">\n<p>Risk De\u011ferlendirmesi \/ Acil Durum Plan\u0131 tehlike s\u0131n\u0131f\u0131 fark etmeksizin \u00e7al\u0131\u015fan\u0131 olan t\u00fcm i\u015fyerleri i\u00e7in zorunluluktur.<\/p>\n<\/div>\n<p>[\/vc_column_text][\/vc_accordion_tab][vc_accordion_tab title=&#8221;OSGB NED\u0130R?&#8221;][vc_column_text css=&#8221;.vc_custom_1543847096646{margin-top: 0px !important;margin-bottom: 0px !important;}&#8221;]OSGB \u2019ler, \u0130\u015f Sa\u011fl\u0131\u011f\u0131 ve G\u00fcvenli\u011fi konular\u0131nda \u015firketlerin y\u00fck\u00fcml\u00fcl\u00fcklerini yerine\u00a0getirmelerinde yard\u0131mc\u0131 olmak \u00fczere Bakanl\u0131k taraf\u0131ndan yetkilendirilmi\u015f uzman\u00a0kurulu\u015flard\u0131r.<\/p>\n<p>\u0130\u015f Sa\u011fl\u0131\u011f\u0131 ve G\u00fcvenli\u011fi Hizmetleri Y\u00f6netmeli\u011fi\u2018nin 4. Madde\u2019sinin (f) \u015f\u0131kk\u0131nda:<\/p>\n<p><strong>\u201cOrtak sa\u011fl\u0131k ve g\u00fcvenlik birimi (OSGB): \u0130\u015f sa\u011fl\u0131\u011f\u0131 ve g\u00fcvenli\u011fi hizmetlerini sunmak \u00fczere, gerekli donan\u0131m ve personele sahip olan ve Bakanl\u0131k\u00e7a yetkilendirilen kamu kurum ve kurulu\u015flar\u0131 ile T\u00fcrk Ticaret Kanunu h\u00fck\u00fcmlerine g\u00f6re faaliyet g\u00f6steren \u015firketlerce kurulan ve i\u015fletilen m\u00fcesseseleri,\u201d<\/strong>\u00a0olarak tan\u0131mlanm\u0131\u015ft\u0131r.<\/p>\n<p>\u0130\u015fverenlerin y\u00fck\u00fcml\u00fcl\u00fckleri (4857 say\u0131l\u0131 \u0130\u015f Kanunu) nelerdir?<\/p>\n<p>\u0130\u015f Kanunu\u2019nun 77. ve sonraki di\u011fer \u00f6nemli maddeleri gere\u011fi olarak;<br \/>\n\u0130\u015fverenlerin, i\u015fyerlerinde i\u015f sa\u011fl\u0131\u011f\u0131 ve g\u00fcvenli\u011finin sa\u011flanmas\u0131 i\u00e7in gerekli her t\u00fcrl\u00fc \u00f6nlemi\u00a0almak, ara\u00e7 ve gere\u00e7leri noksans\u0131z bulundurmakla y\u00fck\u00fcml\u00fcd\u00fcr.[\/vc_column_text][\/vc_accordion_tab][vc_accordion_tab title=&#8221;OSGB&#8217;N\u0130N G\u00d6REVLER\u0130 NELERD\u0130R?&#8221;][vc_column_text]<\/p>\n<ul class=\"list-1\">\n<li>\u0130\u015fverenlerin, i\u015fyerinde al\u0131nan i\u015f sa\u011fl\u0131\u011f\u0131 ve i\u015f g\u00fcvenli\u011fi \u00f6nlemlerine uyulup uyulmad\u0131\u011f\u0131n\u0131 denetlemek, i\u015f\u00e7ileri kar\u015f\u0131 kar\u015f\u0131ya bulunduklar\u0131 mesleki riskler, al\u0131nmas\u0131 gerekli tedbirler, yasal hak ve sorumluluklar\u0131 konusunda bilgilendirmek ve gerekli \u0130\u015f Sa\u011fl\u0131\u011f\u0131 ve G\u00fcvenli\u011fi E\u011fitimi\u2019ni vermek zorundad\u0131r.<\/li>\n<li>Her i\u015fverenin i\u015fyerlerinde, bir i\u015f sa\u011fl\u0131\u011f\u0131 ve g\u00fcvenli\u011fi kurulu kurmakla, \u0130\u015f G\u00fcvenli\u011fi\u00a0Uzman\u0131 ve \u0130\u015f Yeri Hekimi istihdam etmekle (veya yetkili OSGB\u2019lerden temin etmekle) y\u00fck\u00fcml\u00fc olduklar\u0131n\u0131,<\/li>\n<li>\u0130\u015fverenlerin, i\u015fyerlerinde meydana gelen i\u015f kazas\u0131n\u0131 ve tespit edilecek meslek\u00a0hastal\u0131\u011f\u0131n\u0131 yaz\u0131 ile ilgili b\u00f6lge m\u00fcd\u00fcrl\u00fc\u011f\u00fcne bildirmek zorundad\u0131r.<\/li>\n<li>Bir i\u015fyerinin tesis ve tertiplerinde, \u00e7al\u0131\u015fma y\u00f6ntem ve \u015fekillerinde, makine ve cihazlar\u0131nda i\u015f\u00e7ilerin ya\u015fam\u0131 i\u00e7in tehlikeli olan bir husus tespit edilirse, bu tehlike giderilinceye kadar i\u015fin tamamen veya k\u0131smen durdurulur ya da kapat\u0131l\u0131r.<\/li>\n<li>Bir kaza sonras\u0131nda yap\u0131lan incelemelerde, \u0130\u015f Sa\u011fl\u0131\u011f\u0131 ve G\u00fcvenli\u011fi a\u00e7\u0131s\u0131ndan temel\u00a0\u00f6nlemlerin al\u0131nmam\u0131\u015f olmas\u0131 nedeniyle i\u015fverenin, \u201c\u0130\u015fveren Kusuru\u201d \u015fart\u0131na ba\u011fl\u0131\u00a0olarak, toplam zarar\u0131n en az 5 \u2013 10 kat\u0131 daha fazla tazminata maruz kal\u0131r.<\/li>\n<\/ul>\n<p>[\/vc_column_text][\/vc_accordion_tab][vc_accordion_tab title=&#8221; \u0130\u015e SA\u011eLI\u011eI VE G\u00dcVENL\u0130\u011e\u0130 \u00c7ALI\u015eAN TEMS\u0130LC\u0130S\u0130 K\u0130MD\u0130R?&#8221;][vc_column_text css=&#8221;.vc_custom_1543847235074{margin-top: 0px !important;margin-bottom: 0px !important;}&#8221;]\u0130\u015fyerlerinde, i\u015f sa\u011fl\u0131\u011f\u0131 ve g\u00fcvenli\u011fi i\u00e7in i\u015fverene \u00f6nerilerde bulunacak, gerekli tedbirlerin al\u0131nmas\u0131n\u0131 istemek gibi konularda i\u015fyerindeki t\u00fcm \u00e7al\u0131\u015fanlarla i\u015fveren aras\u0131ndaki ileti\u015fimi sa\u011flayacak bir i\u015f sa\u011fl\u0131\u011f\u0131 ve g\u00fcvenli\u011fi \u00e7al\u0131\u015fan temsilcisi g\u00f6revlendirilecektir. \u00c7al\u0131\u015fan temsilcisi, \u00e7al\u0131\u015fanlar aras\u0131nda yap\u0131lacak se\u00e7imle veya se\u00e7imle belirlenemedi\u011fi durumda atama yoluyla belirlenecektir.[\/vc_column_text][\/vc_accordion_tab][\/vc_accordion][\/vc_column][\/vc_row]<\/p>\n","protected":false},"excerpt":{"rendered":"<p>[vc_row align_title=&#8221;left&#8221; el_class=&#8221;border-bottom-1&#8243;][vc_column title=&#8221;&#8221;][\/vc_column][vc_column width=&#8221;1\/2&#8243; title=&#8221;&#8221;][vc_single_image image=&#8221;1599&#8243; img_size=&#8221;full&#8221;][\/vc_column][vc_column width=&#8221;1\/2&#8243; title=&#8221;&#8221;][vc_column_text css=&#8221;.vc_custom_1543845105512{margin-bottom: 1.5rem !important;}&#8221;] \u0130\u015f G\u00fcvenli\u011fi Uzman\u0131 \u0130\u015fyeri Hekimi Di\u011fer Sa\u011fl\u0131k Peroneli. \u0130SG E\u011fitimleri Risk De\u011ferlendirme Analizi Acil Durum Eylem Plan\u0131 Patlamadan Korunma Dok\u00fcman\u0131 Ba\u011f\u0131m\u0131s\u0131z \u0130SG Denetimi \u0130\u015f Hukuku Dan\u0131\u015fmanl\u0131\u011f\u0131 [\/vc_column_text][\/vc_column][\/vc_row][vc_row css=&#8221;.vc_custom_1543846731681{margin-top: -50px !important;margin-bottom: -50px !important;}&#8221;][vc_column][vc_column_text]Alanlarda nitelikli ve Entegre Hizmet Anlay\u0131\u015f\u0131 ile \u00e7\u00f6z\u00fcmler \u00fcretmekteyiz. Kurulu\u015fumuzun en [&hellip;]<\/p>\n","protected":false},"author":4852,"featured_media":0,"parent":0,"menu_order":0,"comment_status":"open","ping_status":"closed","template":"page-templates\/template-fullwidth.php","meta":[],"_links":{"self":[{"href":"https:\/\/cerrahpasa.com.tr\/index.php?rest_route=\/wp\/v2\/pages\/709"}],"collection":[{"href":"https:\/\/cerrahpasa.com.tr\/index.php?rest_route=\/wp\/v2\/pages"}],"about":[{"href":"https:\/\/cerrahpasa.com.tr\/index.php?rest_route=\/wp\/v2\/types\/page"}],"author":[{"embeddable":true,"href":"https:\/\/cerrahpasa.com.tr\/index.php?rest_route=\/wp\/v2\/users\/4852"}],"replies":[{"embeddable":true,"href":"https:\/\/cerrahpasa.com.tr\/index.php?rest_route=%2Fwp%2Fv2%2Fcomments&post=709"}],"version-history":[{"count":13,"href":"https:\/\/cerrahpasa.com.tr\/index.php?rest_route=\/wp\/v2\/pages\/709\/revisions"}],"predecessor-version":[{"id":1693,"href":"https:\/\/cerrahpasa.com.tr\/index.php?rest_route=\/wp\/v2\/pages\/709\/revisions\/1693"}],"wp:attachment":[{"href":"https:\/\/cerrahpasa.com.tr\/index.php?rest_route=%2Fwp%2Fv2%2Fmedia&parent=709"}],"curies":[{"name":"wp","href":"https:\/\/api.w.org\/{rel}","templated":true}]}}